{"id":933,"date":"2019-01-09T08:23:57","date_gmt":"2019-01-09T07:23:57","guid":{"rendered":"http:\/\/mlg-ag.ch\/reinigungen\/?page_id=933"},"modified":"2026-03-03T14:11:47","modified_gmt":"2026-03-03T13:11:47","slug":"karriere-jobs","status":"publish","type":"page","link":"https:\/\/mlg-ag.ch\/reinigungen\/karriere-jobs\/","title":{"rendered":"Karriere \/ Jobs"},"content":{"rendered":"<p>[vc_row row_height_percent=&#187;99&#8243; override_padding=&#187;yes&#187; h_padding=&#187;2&#8243; top_padding=&#187;6&#8243; bottom_padding=&#187;6&#8243; overlay_alpha=&#187;50&#8243; gutter_size=&#187;3&#8243; column_width_use_pixel=&#187;yes&#187; shift_y=&#187;0&#8243; z_index=&#187;0&#8243; column_width_pixel=&#187;960&#8243;][vc_column column_width_percent=&#187;100&#8243; position_vertical=&#187;middle&#187; gutter_size=&#187;3&#8243; overlay_alpha=&#187;50&#8243; shift_x=&#187;0&#8243; shift_y=&#187;0&#8243; shift_y_down=&#187;0&#8243; z_index=&#187;0&#8243; medium_width=&#187;0&#8243; mobile_width=&#187;0&#8243;][vc_empty_space empty_h=&#187;2&#8243; desktop_visibility=&#187;yes&#187;][vc_custom_heading heading_semantic=&#187;h1&#8243; text_size=&#187;&#187; text_transform=&#187;uppercase&#187; sub_lead=&#187;yes&#187; subheading=&#187;Die MLG-Gruppe ist eine mittelgrosse Schweizer KMU der Immobilienwirtschaft mit Sitz in Bern und besch\u00e4ftigt 140 Mitarbeiter in den Bereichen Generalunternehmung, Immobilien, Metall und Planung, Malerei und Gipserei, Technik und Reinigungen.&#187;]Das Befinden der Mitarbeiter und eine gezielte Nachwuchsf\u00f6rderung stehen f\u00fcr uns im Vordergrund.[\/vc_custom_heading][vc_custom_heading heading_semantic=&#187;h3&#8243; text_size=&#187;&#187; text_weight=&#187;700&#8243;]Offene Stellen[\/vc_custom_heading][vc_empty_space empty_h=&#187;2&#8243;][vc_accordion history=&#187;yes&#187; typography=&#187;yes&#187; active_tab=&#187;0&#8243; el_class=&#187;hide&#187;][vc_accordion_tab title=&#187;Unterhaltsreinigung&#187; tab_id=&#187;1530687293202-4-415470181095771548081633919&#8243; slug=&#187;Unterhaltsreinigung&#187;][vc_empty_space empty_h=&#187;2&#8243;][vc_column_text uncode_shortcode_id=&#187;191753&#8243;]<strong>Mitarbeiter*in Unterhaltsreinigung<\/strong> (B\u00fcroreinigung)<\/p>\n<p>Anstellungsart: Festanstellung<\/p>\n<p>Arbeitsbeginn: Ab 23.01.2023<\/p>\n<p>Arbeitsort: K\u00f6niz<\/p>\n<p>12 Std. \/ Woche<\/p>\n<p>Montag bis Freitag 18:00 &#8211; 20:00<\/p>\n<p>Samstag 12:00 &#8211; 14:00<\/p>\n<p>&nbsp;<\/p>\n<p>Kontakt: Hans Nussbaum 079 300 58 33<\/p>\n<p>&nbsp;<\/p>\n<p>&nbsp;<\/p>\n<p>[\/vc_column_text][\/vc_accordion_tab][\/vc_accordion][vc_accordion history=&#187;yes&#187; typography=&#187;yes&#187; active_tab=&#187;0&#8243;][vc_accordion_tab gutter_size=&#187;2&#8243; column_padding=&#187;2&#8243; title=&#187;Unterhaltsreinigung&#187; tab_id=&#187;1530687293202-4-415470181095771548081633919&#8243; slug=&#187;Unterhaltsreinigung&#187;][vc_empty_space empty_h=&#187;1&#8243;][vc_column_text el_class=&#187;hide&#187;]Gemeinsam wollen wir die MLG-Gruppe mit einer nachhaltigen Entwicklung in die Zukunft f\u00fchren.[\/vc_column_text][vc_empty_space empty_h=&#187;0&#8243;][vc_custom_heading heading_semantic=&#187;h3&#8243; text_size=&#187;&#187; text_weight=&#187;700&#8243; uncode_shortcode_id=&#187;115924&#8243;]Freie Stelle per sofort oder nach Vereinbarung[\/vc_custom_heading][vc_column_text uncode_shortcode_id=&#187;140626&#8243;]<strong>UnterhaltsreinigerInnen in Teilzeit<\/strong><\/p>\n<p>Wir bieten Ihnen eine abwechslungsreiche Arbeitsstelle, verbunden mit sozialen Anstellungsbedingungen.<\/p>\n<p>Sie sind zuverl\u00e4ssig, selbstst\u00e4ndig und flexibel und bringen Erfahrung in der Reinigungsbranche mit und k\u00f6nnen sich m\u00fcndlich auf Deutsch verst\u00e4ndigen?<\/p>\n<p>Bitte senden Sie Ihre vollst\u00e4ndige Bewerbung an:<\/p>\n<p>MLG Reinigungen AG<br \/>\nHerr <a title=\"Bewerbung\" href=\"mailto:pablo.perez@mlg-ag.ch\">Pablo Perez<\/a><br \/>\nZikadenweg 27a<br \/>\nCH-3006 Bern<br \/>\nTelefon 079 300 58 33<\/p>\n<figure id=\"attachment_989\" aria-describedby=\"caption-attachment-989\" style=\"width: 215px\" class=\"wp-caption alignnone\"><img decoding=\"async\" class=\"wp-image-989\" src=\"https:\/\/mlg-ag.ch\/reinigungen\/wp-content\/uploads\/sites\/6\/2025\/04\/Paplo_Perez-500x500.jpg\" alt=\"Pablo Perez\" width=\"215\" height=\"215\" srcset=\"https:\/\/mlg-ag.ch\/reinigungen\/wp-content\/uploads\/sites\/6\/2025\/04\/Paplo_Perez-500x500.jpg 500w, https:\/\/mlg-ag.ch\/reinigungen\/wp-content\/uploads\/sites\/6\/2025\/04\/Paplo_Perez-1024x1024.jpg 1024w, https:\/\/mlg-ag.ch\/reinigungen\/wp-content\/uploads\/sites\/6\/2025\/04\/Paplo_Perez-300x300.jpg 300w, https:\/\/mlg-ag.ch\/reinigungen\/wp-content\/uploads\/sites\/6\/2025\/04\/Paplo_Perez-768x768.jpg 768w, https:\/\/mlg-ag.ch\/reinigungen\/wp-content\/uploads\/sites\/6\/2025\/04\/Paplo_Perez-1536x1536.jpg 1536w, https:\/\/mlg-ag.ch\/reinigungen\/wp-content\/uploads\/sites\/6\/2025\/04\/Paplo_Perez-350x350.jpg 350w, https:\/\/mlg-ag.ch\/reinigungen\/wp-content\/uploads\/sites\/6\/2025\/04\/Paplo_Perez-348x348.jpg 348w, https:\/\/mlg-ag.ch\/reinigungen\/wp-content\/uploads\/sites\/6\/2025\/04\/Paplo_Perez.jpg 2000w\" sizes=\"(max-width: 215px) 100vw, 215px\" \/><figcaption id=\"caption-attachment-989\" class=\"wp-caption-text\">Leiter Unterhalt<\/figcaption><\/figure>\n<p>[\/vc_column_text][\/vc_accordion_tab][\/vc_accordion][vc_accordion history=&#187;yes&#187; typography=&#187;yes&#187; active_tab=&#187;0&#8243;][vc_accordion_tab gutter_size=&#187;2&#8243; column_padding=&#187;2&#8243; title=&#187;Hauswart \/ Liegenschaftsbetreuer&#187; tab_id=&#187;1530687293202-4-415470181095771548081633919&#8243; slug=&#187;Hauswart \/ Liegenschaftsbetreuer&#187;][vc_empty_space empty_h=&#187;1&#8243;][vc_column_text el_class=&#187;hide&#187;]Gemeinsam wollen wir die MLG-Gruppe mit einer nachhaltigen Entwicklung in die Zukunft f\u00fchren.[\/vc_column_text][vc_empty_space empty_h=&#187;0&#8243;][vc_custom_heading heading_semantic=&#187;h3&#8243; text_size=&#187;&#187; text_weight=&#187;700&#8243; uncode_shortcode_id=&#187;115924&#8243;]Freie Stelle per sofort oder nach Vereinbarung[\/vc_custom_heading][vc_column_text uncode_shortcode_id=&#187;608896&#8243;]<strong>Hauswart \/ Liegenschaftsbetreuer 100% (Festanstellung)<\/strong><\/p>\n<p>&#8211; Berufserfahrung im Geb\u00e4udeunterhalt<br \/>\n&#8211; verantwortungsbewusst<br \/>\n&#8211; selbstst\u00e4ndiges und exaktes Arbeiten<br \/>\n&#8211; belastbar, flexibel und innovativ<br \/>\n&#8211; Organisationstalent<br \/>\n&#8211; Kommunikation m\u00fcndlich und schriftlich in Deutsch<br \/>\n&#8211; F\u00fchrerausweis Kat. B zwingend<\/p>\n<p>Wir bieten Ihnen eine abwechslungsreiche Arbeitsstelle verbunden mit sozialen Anstellungsbedingungen.<\/p>\n<p>&nbsp;<\/p>\n<p>Bitte senden Sie Ihre vollst\u00e4ndige Bewerbung an:<\/p>\n<p>MLG Reinigungen AG<br \/>\nHerr <a title=\"Bewerbung\" href=\"mailto:florian.kueffer@mlg-ag.ch\">Florian K\u00fcffer<\/a><br \/>\nZikadenweg 27a<br \/>\nCH-3006 Bern<br \/>\nTelefon 031 330 20 75<\/p>\n<figure id=\"attachment_990\" aria-describedby=\"caption-attachment-990\" style=\"width: 215px\" class=\"wp-caption alignnone\"><img decoding=\"async\" class=\"wp-image-990\" src=\"https:\/\/mlg-ag.ch\/reinigungen\/wp-content\/uploads\/sites\/6\/2025\/04\/Florian_Kueffer-300x300.jpg\" alt=\"Florian K\u00fcffer\" width=\"215\" height=\"215\" srcset=\"https:\/\/mlg-ag.ch\/reinigungen\/wp-content\/uploads\/sites\/6\/2025\/04\/Florian_Kueffer-300x300.jpg 300w, https:\/\/mlg-ag.ch\/reinigungen\/wp-content\/uploads\/sites\/6\/2025\/04\/Florian_Kueffer-500x500.jpg 500w, https:\/\/mlg-ag.ch\/reinigungen\/wp-content\/uploads\/sites\/6\/2025\/04\/Florian_Kueffer-1024x1024.jpg 1024w, https:\/\/mlg-ag.ch\/reinigungen\/wp-content\/uploads\/sites\/6\/2025\/04\/Florian_Kueffer-768x768.jpg 768w, https:\/\/mlg-ag.ch\/reinigungen\/wp-content\/uploads\/sites\/6\/2025\/04\/Florian_Kueffer-1536x1536.jpg 1536w, https:\/\/mlg-ag.ch\/reinigungen\/wp-content\/uploads\/sites\/6\/2025\/04\/Florian_Kueffer-350x350.jpg 350w, https:\/\/mlg-ag.ch\/reinigungen\/wp-content\/uploads\/sites\/6\/2025\/04\/Florian_Kueffer-348x348.jpg 348w, https:\/\/mlg-ag.ch\/reinigungen\/wp-content\/uploads\/sites\/6\/2025\/04\/Florian_Kueffer.jpg 2000w\" sizes=\"(max-width: 215px) 100vw, 215px\" \/><figcaption id=\"caption-attachment-990\" class=\"wp-caption-text\">Gesch\u00e4ftsf\u00fchrer<\/figcaption><\/figure>\n<p>[\/vc_column_text][\/vc_accordion_tab][\/vc_accordion][vc_accordion history=&#187;yes&#187; typography=&#187;yes&#187; active_tab=&#187;0&#8243;][vc_accordion_tab gutter_size=&#187;2&#8243; column_padding=&#187;2&#8243; title=&#187;Hauswart und Gartenunterhalt (G\u00e4rtner)&#187; tab_id=&#187;1530687293202-4-415470181095771548081633919&#8243; slug=&#187;Hauswart und Gartenunterhalt (G\u00e4rtner)&#187;][vc_empty_space empty_h=&#187;1&#8243;][vc_column_text el_class=&#187;hide&#187;]Gemeinsam wollen wir die MLG-Gruppe mit einer nachhaltigen Entwicklung in die Zukunft f\u00fchren.[\/vc_column_text][vc_empty_space empty_h=&#187;0&#8243;][vc_custom_heading heading_semantic=&#187;h3&#8243; text_size=&#187;&#187; text_weight=&#187;700&#8243; uncode_shortcode_id=&#187;115924&#8243;]Freie Stelle per sofort oder nach Vereinbarung[\/vc_custom_heading][vc_column_text uncode_shortcode_id=&#187;678329&#8243;]<strong>Hauswart \/ Liegenschaftsbetreuer 100% (Festanstellung)<\/strong><\/p>\n<p>&#8211; Berufserfahrung im Geb\u00e4udeunterhalt<br \/>\n&#8211; verantwortungsbewusst<br \/>\n&#8211; selbstst\u00e4ndiges und exaktes Arbeiten<br \/>\n&#8211; belastbar, flexibel und innovativ<br \/>\n&#8211; Organisationstalent<br \/>\n&#8211; Kommunikation m\u00fcndlich und schriftlich in Deutsch<br \/>\n&#8211; F\u00fchrerausweis Kat. B zwingend<\/p>\n<p>Wir bieten Ihnen eine abwechslungsreiche Arbeitsstelle verbunden mit sozialen Anstellungsbedingungen.<\/p>\n<p>&nbsp;<\/p>\n<p>Bitte senden Sie Ihre vollst\u00e4ndige Bewerbung an:<\/p>\n<p>MLG Reinigungen AG<br \/>\nHerr <a title=\"Bewerbung\" href=\"mailto:florian.kueffer@mlg-ag.ch\">Florian K\u00fcffer<\/a><br \/>\nZikadenweg 27a<br \/>\nCH-3006 Bern<br \/>\nTelefon 031 330 20 75<\/p>\n<figure id=\"attachment_990\" aria-describedby=\"caption-attachment-990\" style=\"width: 215px\" class=\"wp-caption alignnone\"><img decoding=\"async\" class=\"wp-image-990\" src=\"https:\/\/mlg-ag.ch\/reinigungen\/wp-content\/uploads\/sites\/6\/2025\/04\/Florian_Kueffer-300x300.jpg\" alt=\"Florian K\u00fcffer\" width=\"215\" height=\"215\" srcset=\"https:\/\/mlg-ag.ch\/reinigungen\/wp-content\/uploads\/sites\/6\/2025\/04\/Florian_Kueffer-300x300.jpg 300w, https:\/\/mlg-ag.ch\/reinigungen\/wp-content\/uploads\/sites\/6\/2025\/04\/Florian_Kueffer-500x500.jpg 500w, https:\/\/mlg-ag.ch\/reinigungen\/wp-content\/uploads\/sites\/6\/2025\/04\/Florian_Kueffer-1024x1024.jpg 1024w, https:\/\/mlg-ag.ch\/reinigungen\/wp-content\/uploads\/sites\/6\/2025\/04\/Florian_Kueffer-768x768.jpg 768w, https:\/\/mlg-ag.ch\/reinigungen\/wp-content\/uploads\/sites\/6\/2025\/04\/Florian_Kueffer-1536x1536.jpg 1536w, https:\/\/mlg-ag.ch\/reinigungen\/wp-content\/uploads\/sites\/6\/2025\/04\/Florian_Kueffer-350x350.jpg 350w, https:\/\/mlg-ag.ch\/reinigungen\/wp-content\/uploads\/sites\/6\/2025\/04\/Florian_Kueffer-348x348.jpg 348w, https:\/\/mlg-ag.ch\/reinigungen\/wp-content\/uploads\/sites\/6\/2025\/04\/Florian_Kueffer.jpg 2000w\" sizes=\"(max-width: 215px) 100vw, 215px\" \/><figcaption id=\"caption-attachment-990\" class=\"wp-caption-text\">Gesch\u00e4ftsf\u00fchrer<\/figcaption><\/figure>\n<p>[\/vc_column_text][\/vc_accordion_tab][\/vc_accordion][\/vc_column][\/vc_row]<\/p>\n","protected":false},"excerpt":{"rendered":"<p>[vc_row row_height_percent=&#187;99&#8243; override_padding=&#187;yes&#187; h_padding=&#187;2&#8243; top_padding=&#187;6&#8243; bottom_padding=&#187;6&#8243; overlay_alpha=&#187;50&#8243; gutter_size=&#187;3&#8243; column_width_use_pixel=&#187;yes&#187; shift_y=&#187;0&#8243; z_index=&#187;0&#8243; column_width_pixel=&#187;960&#8243;][vc_column column_width_percent=&#187;100&#8243; position_vertical=&#187;middle&#187; gutter_size=&#187;3&#8243; overlay_alpha=&#187;50&#8243; shift_x=&#187;0&#8243; shift_y=&#187;0&#8243; shift_y_down=&#187;0&#8243; z_index=&#187;0&#8243; [&hellip;]<\/p>\n","protected":false},"author":1,"featured_media":0,"parent":0,"menu_order":0,"comment_status":"closed","ping_status":"closed","template":"","meta":{"_mi_skip_tracking":false},"_links":{"self":[{"href":"https:\/\/mlg-ag.ch\/reinigungen\/wp-json\/wp\/v2\/pages\/933"}],"collection":[{"href":"https:\/\/mlg-ag.ch\/reinigungen\/wp-json\/wp\/v2\/pages"}],"about":[{"href":"https:\/\/mlg-ag.ch\/reinigungen\/wp-json\/wp\/v2\/types\/page"}],"author":[{"embeddable":true,"href":"https:\/\/mlg-ag.ch\/reinigungen\/wp-json\/wp\/v2\/users\/1"}],"replies":[{"embeddable":true,"href":"https:\/\/mlg-ag.ch\/reinigungen\/wp-json\/wp\/v2\/comments?post=933"}],"version-history":[{"count":19,"href":"https:\/\/mlg-ag.ch\/reinigungen\/wp-json\/wp\/v2\/pages\/933\/revisions"}],"predecessor-version":[{"id":1003,"href":"https:\/\/mlg-ag.ch\/reinigungen\/wp-json\/wp\/v2\/pages\/933\/revisions\/1003"}],"wp:attachment":[{"href":"https:\/\/mlg-ag.ch\/reinigungen\/wp-json\/wp\/v2\/media?parent=933"}],"curies":[{"name":"wp","href":"https:\/\/api.w.org\/{rel}","templated":true}]}}